f and s?
10
Suppose 32950 = 18*k - 10178. Suppose -4*f - 2120 + k = 0. What is the greatest common divisor of f and 3?
3
Suppose 0 = 4*p - 5*z - 95, 66 + 33 = 4*p - z. Let t(u) = 17*u**2 + 680*u + 20. Let s be t(-40). Calculate the greatest common divisor of p and s.
5
Let j(f) = 36*f**2 - 2*f - 30. Let x be j(-6). Let q = 1713 - 1642. Calculate the greatest common divisor of x and q.
71
Let y = 36 - 172. Let l = y - -398. Suppose 3*o = -f + l, 0 = -0*o - 4*o - f + 350. Calculate the greatest common factor of o and 11.
11
Suppose 203*z - 213*z = -2850. Calculate the highest common factor of z and 399.
57
Let p be 23 + 924/(-238) + 6/(-51). Calculate the highest common divisor of p and 2736.
19
Suppose 137*f - 132*f = 2565. What is the greatest common factor of 15048 and f?
171
Let u be (5/(-18))/((-986)/35496). Let b(p) = p**3 - 4*p**2 + 7*p + 1. Let s be b(6). What is the greatest common divisor of u and s?
5
Let u(r) = r**2 + 3*r + 11. Let m be u(-4). Suppose -h - 131 = 3*w, 5*h + 182 = -w - 3*w. Let l = -23 - w. Calculate the greatest common divisor of m and l.
5
Let b = -3429 + 3522. What is the highest common factor of 4 and b?
1
Let w be 2 - (0 - -1)/(3/(-1143)). Suppose -c - 368 + w = 0. Calculate the greatest common divisor of 240 and c.
15
Let t(z) = 23*z - 86. Let q be t(6). Let g(f) = -15 + 8 - 14 + 17*f - f**2. Let c be g(12). Calculate the greatest common divisor of q and c.
13
Let f(l) = 17*l**2 - 53*l + 855. Let b be f(14). What is the greatest common divisor of b and 65?
65
Let a be 20/(-24) - 32515/(-30). Calculate the greatest common factor of a and 38.
19
Suppose 0 = -2*w + 4*w - 20. Let a(d) = -6*d**2 + 129*d - 18. Let k be a(21). Calculate the highest common factor of w and k.
5
Let b = 131 - 129. Suppose 4*h + 2*y = 246, -b*y - 324 = -5*h + y. Calculate the greatest common factor of h and 147.
21
Let f be (-14)/(-49) - 75/(-7). Let a = -2779 - -2801. Calculate the highest common divisor of a and f.
11
Let g be -85 + 54/9 + -2. Let s(a) = 5*a**2 + 5*a - 6. Let j be s(-6). Let q = g + j. Calculate the greatest common divisor of q and 9.
9
Let x be (-459480)/(-525) + 4/5. Calculate the greatest common factor of x and 408.
12
Let m be (-6)/(-11) + 8/(-66)*-507. Let a = -4 + m. Calculate the greatest common divisor of 174 and a.
58
Suppose 11*j - 36 = 184. Suppose j*u = 640 + 40. What is the highest common factor of 68 and u?
34
Let s(n) = -2*n**2 - 69*n - 130. Let p be s(-16). Let b(l) = l**3 + 7*l**2 + l - 3. Let x be b(-5). What is the highest common factor of x and p?
42
Let y(o) = -2*o**3 + 6*o**2 + 4*o - 3. Let l be y(-3). Suppose 0 = 3*j - 2*m - l, -66 = -2*j - 4*m - 4. What is the highest common divisor of 837 and j?
31
Suppose 6*m + 5*m - 286 = 0. Suppose 13 = -n + m. Let v = 158 + 11. What is the greatest common factor of v and n?
13
Suppose -h = -4*u + 555, -5*u + 4*h = -193 - 498. Suppose u*n = 137*n + 574. Calculate the greatest common divisor of 7 and n.
7
Suppose -m = 9*o - 10*o - 3382, -5*o + 16900 = 5*m. What is the greatest common factor of m and 63?
21
Suppose -12 = -7*s - 47. Let f be 5*s/(-2 + -3). Suppose 3*j + 28 = 5*l - 87, -2*j = -f*l + 120. Calculate the highest common divisor of l and 13.
13
Let k(a) = 2*a**2 + 17*a + 134. Let q(n) = -3*n**2 - 18*n - 137. Let h(o) = 4*k(o) + 3*q(o). Let x be h(-6). Calculate the greatest common divisor of x and 10.
5
Suppose 196 = 97*i - 189*i + 93*i. What is the greatest common divisor of 441 and i?
49
Suppose -90*q = 93*q + 74133 - 305628. Calculate the highest common divisor of 575 and q.
115
Let q = 170 + -165. Suppose 3 - 16 = -4*g + b, -4*b + 11 = q*g. What is the greatest common factor of 33 and g?
3
Let v(a) = 26*a**2 + 120*a - 16. Let w be v(-5). Calculate the greatest common factor of w and 357.
17
Let o = -10974 - -11190. Calculate the highest common factor of 840 and o.
24
Suppose 13*x = -5*x. Suppose -2*l + 3*n + 27 = x, -4*n + 102 = 9*l - 4*l. Calculate the highest common divisor of 27 and l.
9
Suppose 5*m + 2319*v - 2315*v - 6772 = 0, 2*m + 2*v - 2706 = 0. What is the highest common divisor of m and 34?
34
Let t = -82 - -122. Suppose 9*g - t = g. Let k be (-549)/(-45) - 1/g. Calculate the highest common factor of k and 48.
12
Let h = -1 + -14. Let r be h*(-2 + 4)*9/(-2). Let i be ((-52)/(-2) + 1)/1. What is the greatest common factor of r and i?
27
Let o = 17 - 3. Suppose 857 = 5*w - 3*y, 3*y = -2*w - 33 + 401. Calculate the highest common factor of o and w.
7
Suppose 45*b + 71 - 881 = 0. Calculate the greatest common divisor of 138 and b.
6
Let z = -2614 + 2647. Suppose 0 = -2*g + 4 + 4. Suppose -32 = -4*a - g*i - i, 16 = 4*i. Calculate the highest common divisor of a and z.
3
Let c be 642/(-15)*(0 + 15). Let p be 2/(-7) + c/168*-4. Calculate the greatest common factor of p and 960.
15
Let x be ((-42)/(-4))/(-36*(-13)/2184)*1. What is the greatest common factor of x and 1393?
7
Let y = 28 + -1. Suppose y*v = 29*v - 6. Suppose -z - v*z - m = -142, 0 = -4*z - 4*m + 148. Calculate the greatest common divisor of z and 14.
7
Suppose -4*h + 3*j = -1044, -5*h - j + 1305 = -5*j. Suppose -20 = 260*z - h*z. Calculate the greatest common divisor of 300 and z.
20
Let k = 11291 + -4721. What is the highest common divisor of k and 180?
90
Let j = 84 - 39. Let o = 275 + -1433. Let u = -1053 - o. What is the greatest common divisor of u and j?
15
Suppose -11661 = 32*a - 12429. Calculate the highest common factor of 10644 and a.
12
Let i(d) = 34*d**2 + 2*d - 2. Let q be i(-4). What is the greatest common factor of 9345 and q?
267
Let o = -936 - -547. Let t = o + 465. Calculate the greatest common factor of 19 and t.
19
Let m = 6453 + -6149. What is the greatest common divisor of m and 342?
38
Let g be ((-7)/(-21))/(1/15). Suppose -29 = g*d - 4. Let f be (d/(-1))/(1/4). Calculate the highest common factor of f and 60.
20
Suppose 3*w = 2*w + 10. Let m(d) = 17*d - 32. Let j be m(2). Suppose 9 = 3*q, 22 + 4 = y + j*q. What is the greatest common factor of y and w?
10
Let o = 1849 - 1299. Let x = 637 - o. Calculate the highest common factor of x and 464.
29
Let y = 3864 + -3787. What is the highest common factor of 539 and y?
77
Suppose 22436 + 41824 = -1359*t + 1494*t. Calculate the greatest common factor of 1547 and t.
119
Let f(k) = 18*k - 7. Let j be f(12). Suppose 2676 = 45*g + 111. Calculate the highest common divisor of g and j.
19
Suppose 0 = 3*i + 2*c - 16, -2*c = -12*i + 17*i - 36. Calculate the greatest common divisor of i and 155.
5
Let x be 32/(2 - 145/70). Let h = x + 767. Suppose 2*q - t = 58, 2*q - 3*t = -0*q + 58. Calculate the highest common factor of h and q.
29
Suppose 0 = 27*m + 105 + 1029. Let o be m/(-35)*-5 + 14. Suppose 2*a + 4*s - 2*s = 30, -5*s + 5 = -2*a. What is the highest common divisor of o and a?
2
Let o(b) = -69*b - 302. Let h be o(-5). Suppose -5*d - h = -73. Let y be ((-16)/(-6))/((-1)/(-36)). What is the highest common divisor of d and y?
6
Suppose 4*w - 36 = -4*c, -c + w + 17 = -0*c. Let m(g) = 2*g**2 + 5*g - 34. Let n be m(c). Suppose -a + 4*a = n. What is the highest common factor of a and 82?
41
Let t(r) = 30*r + 116 - 60*r + 32*r. Let d be t(-25). What is the greatest common divisor of 88 and d?
22
Let u be 40 + 2/4*0. Let s be ((-8)/6)/((-2)/48). What is the greatest common divisor of u and s?
8
Suppose 6*v - 48*y + 51*y = 123, -2*y - 80 = -5*v. Calculate the greatest common factor of v and 4734.
18
Suppose 0*m - m + 3*q + 12 = 0, 0 = -2*m + 2*q + 16. Suppose 0*t + 2*g + 50 = 2*t, m = 3*g. Calculate the highest common factor of t and 45.
9
Suppose 95*i + 14 - 370 = -166. Suppose 2*h + 0*v - 49 = 5*v, -4*v - 44 = -2*h. Let b = 6 + h. What is the greatest common factor of b and i?
2
Suppose 13*n + 14*n - 918 = 0. Let h = 0 + n. What is the highest common divisor of h and 442?
34
Let h = -2300 + 2302. Suppose -d - 79 = -5*k + 241, 0 = -4*k + 5*d + 256. Calculate the highest common factor of k and h.
2
Let t = -25804 - -25824. Calculate the highest common factor of 39440 and t.
20
Let p = -190 - -286. Let w be (-4)/24 + 57/18. Suppose 2*j = -w*h + 29, -j + 19 = -0*j - 3*h. Calculate the greatest common divisor of p and j.
16
Let n be ((-4)/(-4))/((-4)/(-12)). Suppose 6 = n*i - 129. Let o(j) = j**3 - 5*j**2 + 10*j + 10. Let u be o